e prime factors of 1938513633.
3, 7, 233, 396181
List the prime factors of 95355336.
2, 3, 3973139
List the prime factors of 233918.
2, 116959
List the prime factors of 179793949.
3229, 55681
What are the prime factors of 53107659?
3, 11, 536441
What are the prime factors of 211454647?
73, 2896639
List the prime factors of 457337099.
137, 599, 5573
List the prime factors of 132020019.
3, 43, 89, 3833
List the prime factors of 12535100.
2, 5, 103, 1217
List the prime factors of 1576271599.
7, 1787, 126011
List the prime factors of 41799108.
2, 3, 13, 20611
What are the prime factors of 28931733?
3, 43, 74759
List the prime factors of 3413236751.
29, 117697819
List the prime factors of 9798330.
2, 3, 5, 326611
What are the prime factors of 4383767233?
2707, 1619419
What are the prime factors of 41921654?
2, 97, 216091
What are the prime factors of 313043102?
2, 131, 1194821
List the prime factors of 1845975556.
2, 107, 4313027
What are the prime factors of 3745550139?
3, 1248516713
What are the prime factors of 170041455?
3, 5, 37, 73, 1399
List the prime factors of 138883717.
7, 19840531
What are the prime factors of 2655969902?
2, 241, 5510311
What are the prime factors of 893250995?
5, 7, 13, 73, 26893
What are the prime factors of 58316356?
2, 7, 2082727
What are the prime factors of 80715978?
2, 3, 7, 751, 853
List the prime factors of 22630831.
89, 254279
List the prime factors of 1093228817.
1093228817
What are the prime factors of 156561348?
2, 3, 73, 313, 571
What are the prime factors of 2416703?
17, 142159
List the prime factors of 28500876.
2, 3, 163, 1619
List the prime factors of 2920134745.
5, 11, 31, 155699
List the prime factors of 14887715.
5, 41, 72623
List the prime factors of 27997730.
2, 5, 43, 65111
List the prime factors of 22644765.
3, 5, 11, 13, 17, 23
List the prime factors of 55243146.
2, 3, 7, 19, 37, 1871
What are the prime factors of 5178590144?
2, 7, 13, 19, 53, 883
What are the prime factors of 3530528696?
2, 41, 179, 60133
What are the prime factors of 627111313?
627111313
List the prime factors of 2198182.
2, 7, 157013
What are the prime factors of 30242042?
2, 163, 92767
List the prime factors of 275685780.
2, 3, 5, 4594763
What are the prime factors of 2673839593?
24809, 107777
List the prime factors of 1100704839.
3, 13, 28223201
List the prime factors of 298487353.
23, 113, 114847
List the prime factors of 376964669.
83, 4541743
What are the prime factors of 69847360?
2, 5, 11, 19843
List the prime factors of 45867025.
5, 43, 42667
What are the prime factors of 164494933?
37, 120157
What are the prime factors of 6419182630?
2, 5, 7, 41, 139, 16091
List the prime factors of 26390825.
5, 211, 5003
List the prime factors of 42477815.
5, 17, 499739
List the prime factors of 1444937941.
167, 179, 48337
List the prime factors of 429873118.
2, 17, 2417, 5231
What are the prime factors of 760177936?
2, 7, 461, 14723
List the prime factors of 4370911114.
2, 2185455557
List the prime factors of 69260037.
3, 7, 11, 97, 281
List the prime factors of 1900019074.
2, 983, 966439
List the prime factors of 708776423.
708776423
What are the prime factors of 39738063?
3, 19, 31, 43, 523
What are the prime factors of 180870551?
23, 61, 137, 941
List the prime factors of 735469580.
2, 5, 29, 1268051
List the prime factors of 315578386.
2, 71, 2222383
What are the prime factors of 356523660?
2, 3, 5, 17, 71, 547
What are the prime factors of 2168771119?
29, 74785211
List the prime factors of 109227779.
109227779
What are the prime factors of 740341286?
2, 370170643
List the prime factors of 1385679588.
2, 3, 17, 6792547
List the prime factors of 508294182.
2, 3, 11, 73, 105499
List the prime factors of 456086690.
2, 5, 3769, 12101
What are the prime factors of 1640841444?
2, 3, 11, 19, 218081
List the prime factors of 198717094.
2, 2609, 38083
What are the prime factors of 291808223?
7, 41686889
List the prime factors of 3662954434.
2, 73, 25088729
List the prime factors of 1026736036.
2, 419, 612611
What are the prime factors of 86474260?
2, 5, 4323713
What are the prime factors of 142175464?
2, 17771933
List the prime factors of 546191166.
2, 3, 23, 3957907
List the prime factors of 49854531.
3, 83, 347, 577
List the prime factors of 1619686289.
13, 23, 43, 263, 479
List the prime factors of 12115552.
2, 241, 1571
List the prime factors of 2353624673.
229, 1759, 5843
What are the prime factors of 90538790?
2, 5, 1447, 6257
What are the prime factors of 3328018483?
113, 29451491
List the prime factors of 4454932804.
2, 7, 263, 86423
What are the prime factors of 580822763?
580822763
What are the prime factors of 2411872657?
2411872657
List the prime factors of 688847611.
37, 3491, 5333
What are the prime factors of 2322033748?
2, 17789, 32633
List the prime factors of 109993978.
2, 17, 190301
List the prime factors of 49039505.
5, 1511, 6491
What are the prime factors of 1639048415?
5, 43, 7623481
What are the prime factors of 2521928613?
3, 79, 10641049
List the prime factors of 8033729.
11, 730339
List the prime factors of 193330869.
3, 449, 143527
List the prime factors of 4091723950.
2, 5, 491, 166669
List the prime factors of 1261068686.
2, 751, 881, 953
What are the prime factors of 11959106?
2, 839, 7127
List the prime factors of 2635018974.
2, 3, 7, 109, 191861
What are the prime factors of 51620411?
6829, 7559
What are the prime factors of 56957247?
3, 29, 218227
What are the prime factors of 48432453?
3, 1657, 9743
What are the prime factors of 1134224883?
3, 11, 79, 48341
What are the prime factors of 201774343?
17, 739, 16061
What are the prime factors of 16051790?
2, 5, 29, 55351
What are the prime factors of 811749384?
2, 3, 31, 121229
List the prime factors of 41757494.
2, 20878747
List the prime factors of 1682982811.
1973, 853007
List the prime factors of 91919205.
3, 5, 7, 32423
List the prime factors of 631545683.
331, 1907993
List the prime factors of 790348615.
5, 7, 17, 1328317
What are the prime factors of 755948775?
3, 5, 17, 41, 14461
What are the prime factors of 7367321675?
5, 7, 29, 47, 67, 461
List the prime factors of 199756289.
199756289
List the prime factors of 245417780.
2, 5, 17, 463, 1559
What are the prime factors of 1441636413?
3, 7, 68649353
What are the prime factors of 313309704?
2, 3, 1259, 10369
List the prime factors of 6077036406.
2, 3, 7, 2411, 60013
What are the prime factors of 5838426839?
7, 307, 2716811
What are the prime factors of 37855500?
2, 3, 5, 25237
List the prime factors of 60300816.
2, 3, 1256267
What are the prime factors of 82924609?
149, 173, 3217
What are the prime factors of 2770214430?
2, 3, 5, 17, 613, 8861
List the prime factors of 1068171587.
7, 29, 1297, 4057
What are the prime factors of 48239484?
2, 3, 47, 85531
What are the prime factors of 5356197?
3, 7, 11, 59, 131
What are the prime factors of 523339694?
2, 241, 1085767
List the prime factors of 3004292441.
37, 81197093
List the prime factors of 118771031.
43, 2762117
List the prime factors of 1324369160.
2, 5, 19, 1742591
List the prime factors of 9364853.
19, 127, 3881
What are the prime factors of 1014310471?
1014310471
What are the prime factors of 920492819?
3767, 244357
What are the prime factors of 1060853915?
5, 11, 19288253
What are the prime factors of 769618?
2, 79, 4871
What are the prime factors of 1081036010?
2, 5, 1997, 54133
List the prime factors of 415862904.
2, 3, 71, 109, 2239
What are the prime factors of 31165745?
5, 13, 479473
What are the prime factors of 1670861202?
2, 3, 12437, 22391
List the prime factors of 295525808.
2, 37, 59, 8461
What are the prime factors of 27868363?
37, 853, 883
What are the prime factors of 123346837?
773, 159569
What are the prime factors of 155101749?
3, 11, 4700053
List the prime factors of 3956303907.
3, 113, 3890171
List the prime factors of 574052624.
2, 19, 1888331
What are the prime factors of 239880617?
43, 5578619
What are the prime factors of 314161848?
2, 3, 7, 11, 13, 1453
List the prime factors of 121640099.
7, 2482451
What are the prime factors of 196284063?
3, 65428021
What are the prime factors of 43640150?
2, 5, 19, 71, 647
What are the prime factors of 238236421?
19, 29, 337, 1283
What are the prime factors of 122629418?
2, 613